{"id":13,"date":"2021-10-27T07:51:58","date_gmt":"2021-10-27T05:51:58","guid":{"rendered":"https:\/\/frohe-weihnocht.at\/vol2\/home\/"},"modified":"2021-12-02T14:08:38","modified_gmt":"2021-12-02T13:08:38","slug":"home","status":"publish","type":"page","link":"https:\/\/frohe-weihnocht.at\/vol2\/","title":{"rendered":"Startseite"},"content":{"rendered":"\n<p><\/p>\n\n\n\n<div class=\"wp-block-columns\">\n<div class=\"wp-block-column\">\n<h2 class=\"has-luminous-vivid-amber-color has-text-color\">Frohe Weihnocht, Vol.1<\/h2>\n\n\n\n<p>Die CD mit traditionellen Weihnachtsliedern &#8211; ein romantischer Ausflug in die musikalische Weihnachtslandschaft \u00d6sterreichs.<\/p>\n\n\n\n<p>Mit der CD \u201eFrohe Weihnocht\u201c holen Sie sich die sch\u00f6nsten Weihnachtslieder aus \u00d6sterreich nach Hause, in Ihr Wohnzimmer, unter Ihren Christbaum.<br>Die K\u00fcnstlerinnen singen sich, stimmungsvoll begleitet von Hackbrett und Zither, Ziehharmonika, Gitarre und Klavier, in Ihr Herz.<\/p>\n\n\n\n<p>Vom weltweit bekanntesten und beliebtesten Weihnachtslied am Heiligen Abend,&nbsp;<strong><em>Stille Nacht<\/em><\/strong>, \u00fcber vertr\u00e4umte Balladen wie&nbsp;<em><strong>Leise rieselt der Schnee<\/strong><\/em>&nbsp;oder&nbsp;<em><strong>S\u00fc\u00dfer die Glocken nie klingen<\/strong><\/em>&nbsp;bis zu Liedern in Mundart wie&nbsp;<em><strong>Es wird scho glei dumpa<\/strong><\/em>&nbsp;oder dem&nbsp;<em><strong>Andachtsjodler<\/strong><\/em>.<\/p>\n\n\n\n<p><strong>Zum Mitsingen, Mitsummen oder einfach zum Lauschen und Genie\u00dfen<\/strong><br>Lassen Sie sich verzaubern und besinnen Sie sich auf diese sch\u00f6nste Zeit im Jahr mit wundervollen Weihnachtsmelodien und Stimmen, die mitten ins Herz gehen.<\/p>\n\n\n\n<p><strong>Die Highlights als Instrumentalversionen zum Mitsingen:<\/strong><br>F\u00fcr Ihr ganz pers\u00f6nliches Weihnachtsfest haben wir einige Lieder rein als Instrumentalversionen aufgenommen, damit Sie selbst dazu singen k\u00f6nnen!<\/p>\n\n\n\n<p>Die Texte k\u00f6nnen Sie&nbsp;<em><a href=\"https:\/\/frohe-weihnocht.at\/vol2\/weihnachtslieder-texte\/\">hier<\/a> <\/em>herunterladen.<\/p>\n<\/div>\n\n\n\n<div class=\"wp-block-column is-vertically-aligned-center\">\n<figure class=\"wp-block-image size-full is-style-default\"><img loading=\"lazy\" width=\"600\" height=\"422\" src=\"https:\/\/frohe-weihnocht.at\/vol2\/wp-content\/uploads\/Vol1_3d_b.png\" alt=\"Frohe Weihnocht Volume1\" class=\"wp-image-76\" srcset=\"https:\/\/frohe-weihnocht.at\/vol2\/wp-content\/uploads\/Vol1_3d_b.png 600w, https:\/\/frohe-weihnocht.at\/vol2\/wp-content\/uploads\/Vol1_3d_b-300x211.png 300w, https:\/\/frohe-weihnocht.at\/vol2\/wp-content\/uploads\/Vol1_3d_b-480x338.png 480w\" sizes=\"(max-width: 600px) 100vw, 600px\" \/><\/figure>\n<\/div>\n<\/div>\n\n\n\n<div style=\"height:48px\" aria-hidden=\"true\" class=\"wp-block-spacer\"><\/div>\n\n\n\n<div class=\"wp-block-columns\">\n<div class=\"wp-block-column\">\n<figure class=\"wp-block-image size-full is-style-default\"><img loading=\"lazy\" width=\"600\" height=\"601\" src=\"https:\/\/frohe-weihnocht.at\/vol2\/wp-content\/uploads\/Vol2_3d.png\" alt=\"Frohe Weihnocht Volume2\" class=\"wp-image-72\" srcset=\"https:\/\/frohe-weihnocht.at\/vol2\/wp-content\/uploads\/Vol2_3d.png 600w, https:\/\/frohe-weihnocht.at\/vol2\/wp-content\/uploads\/Vol2_3d-300x300.png 300w, https:\/\/frohe-weihnocht.at\/vol2\/wp-content\/uploads\/Vol2_3d-150x150.png 150w, https:\/\/frohe-weihnocht.at\/vol2\/wp-content\/uploads\/Vol2_3d-480x481.png 480w\" sizes=\"(max-width: 600px) 100vw, 600px\" \/><\/figure>\n<\/div>\n\n\n\n<div class=\"wp-block-column\">\n<h2 class=\"has-luminous-vivid-amber-color has-text-color\">Frohe Weihnocht, Vol.2<\/h2>\n\n\n\n<p>Die CD mit Weihnachtsliedern aus aller Welt.<\/p>\n\n\n\n<p>K\u00fcnstlerInnen der heimischen Szene bringen frischen Wind in internationale Songs wie <strong><em>Jingle Bells<\/em><\/strong>, <strong><em>Silent Night<\/em><\/strong> und <em><strong>Hark! The herald angels sing<\/strong><\/em>.<\/p>\n\n\n\n<p>Auch neue Interpretationen von heimischen Klassikern wie <strong><em>Fr\u00f6hliche Weihnacht \u00fcberall<\/em><\/strong>, <strong><em>O Tannenbaum<\/em><\/strong> oder <strong><em>Kling, Gl\u00f6ckchen<\/em><\/strong> d\u00fcrfen nicht fehlen.<\/p>\n\n\n\n<p>Tini Kainrath, Ingrid Diem, Pete Art, Sabina Chalupa, GuGabriel und Daniela Bednar sorgen mit melancholischer bis leicht jazziger Klavierbegleitung f\u00fcr sch\u00f6ne Stunden zur Weihnachtszeit.<\/p>\n\n\n\n<p>Ab 20.10.2021 im Fachhandel und auf <a rel=\"noreferrer noopener\" href=\"https:\/\/www.shoepping.at\/p\/weihnachtsmusik\/various---frohe-weihnocht-vol2---weihna-m0000HZ5I2\" target=\"_blank\">shoepping.at<\/a> \/ <a href=\"https:\/\/www.amazon.de\/Frohe-Weihnocht-Vol-2-Weihnachtslieder-aus-Aller\/dp\/B09JDVGZJ3\" target=\"_blank\" rel=\"noreferrer noopener\">amazon <\/a>erh\u00e4ltlich.<\/p>\n<\/div>\n<\/div>\n\n\n\n<div class=\"wp-block-columns\">\n<div class=\"wp-block-column\">\n<div style=\"height:30px\" aria-hidden=\"true\" class=\"wp-block-spacer\"><\/div>\n<\/div>\n<\/div>\n\n\n\n<p><\/p>\n","protected":false},"excerpt":{"rendered":"<p>Frohe Weihnocht, Vol.1 Die CD mit traditionellen Weihnachtsliedern &#8211; ein romantischer Ausflug in die musikalische Weihnachtslandschaft \u00d6sterreichs. Mit der CD [&hellip;]<\/p>\n","protected":false},"author":1,"featured_media":0,"parent":0,"menu_order":1,"comment_status":"closed","ping_status":"closed","template":"","meta":[],"_links":{"self":[{"href":"https:\/\/frohe-weihnocht.at\/vol2\/wp-json\/wp\/v2\/pages\/13"}],"collection":[{"href":"https:\/\/frohe-weihnocht.at\/vol2\/wp-json\/wp\/v2\/pages"}],"about":[{"href":"https:\/\/frohe-weihnocht.at\/vol2\/wp-json\/wp\/v2\/types\/page"}],"author":[{"embeddable":true,"href":"https:\/\/frohe-weihnocht.at\/vol2\/wp-json\/wp\/v2\/users\/1"}],"replies":[{"embeddable":true,"href":"https:\/\/frohe-weihnocht.at\/vol2\/wp-json\/wp\/v2\/comments?post=13"}],"version-history":[{"count":10,"href":"https:\/\/frohe-weihnocht.at\/vol2\/wp-json\/wp\/v2\/pages\/13\/revisions"}],"predecessor-version":[{"id":344,"href":"https:\/\/frohe-weihnocht.at\/vol2\/wp-json\/wp\/v2\/pages\/13\/revisions\/344"}],"wp:attachment":[{"href":"https:\/\/frohe-weihnocht.at\/vol2\/wp-json\/wp\/v2\/media?parent=13"}],"curies":[{"name":"wp","href":"https:\/\/api.w.org\/{rel}","templated":true}]}}